
What is the remainder when 576562 is divided by 1343?
415
What is the remainder when 40245443 is divided by 212?
211
What is the remainder when 34536 is divided by 4372?
3932
What is the remainder when 1528161 is divided by 36?
33
Calculate the remainder when 154548 is divided by 4065.
78
Calculate the remainder when 2651960 is divided by 1985.
0
Calculate the remainder when 306344 is divided by 589.
64
Calculate the remainder when 2147512 is divided by 134219.
8
Calculate the remainder when 13678 is divided by 739.
376
Calculate the remainder when 256159 is divided by 231.
211
Calculate the remainder when 19842 is divided by 172.
62
What is the remainder when 1112041 is divided by 47?
21
What is the remainder when 96008101 is divided by 24?
13
Calculate the remainder when 795358 is divided by 2115.
118
Calculate the remainder when 1243481 is divided by 34.
33
What is the remainder when 281145 is divided by 179?
115
What is the remainder when 15656132 is divided by 227?
169
Calculate the remainder when 54341 is divided by 21341.
11659
What is the remainder when 58328302 is divided by 6635?
17
Calculate the remainder when 12817 is divided by 12807.
10
Calculate the remainder when 256383 is divided by 85461.
0
Calculate the remainder when 883347 is divided by 176666.
17
Calculate the remainder when 26362 is divided by 12732.
898
What is the remainder when 61319396 is divided by 57?
50
Calculate the remainder when 642483 is divided by 254.
117
What is the remainder when 33523741 is divided by 48?
13
What is the remainder when 58274704 is divided by 2913735?
4
Calculate the remainder when 14319752 is divided by 1789964.
40
Calculate the remainder when 116720 is divided by 3705.
1865
Calculate the remainder when 71398 is divided by 35512.
374
Calculate the remainder when 51705 is divided by 74.
53
What is the remainder when 135216284 is divided by 6655?
6649
What is the remainder when 295212 is divided by 98174?
690
Calculate the remainder when 4053311 is divided by 440.
31
Calculate the remainder when 494384 is divided by 11771.
2
Calculate the remainder when 2262892 is divided by 754288.
28
What is the remainder when 138810 is divided by 530?
480
What is the remainder when 15660862 is divided by 2726?
2718
What is the remainder when 127699 is divided by 42371?
586
Calculate the remainder when 1404029 is divided by 467991.
56
What is the remainder when 2937061 is divided by 2020?
2001
What is the remainder when 141135333 is divided by 11?
9
Calculate the remainder when 35494984 is divided by 17747487.
10
Calculate the remainder when 4636 is divided by 1073.
344
Calculate the remainder when 6693764 is divided by 446250.
14
Calculate the remainder when 11745010 is divided by 11745004.
6
What is the remainder when 68252959 is divided by 2660?
19
Calculate the remainder when 71116775 is divided by 6465161.
4
Calculate the remainder when 1186135 is divided by 118.
117
Calculate the remainder when 88389 is divided by 29214.
747
Calculate the remainder when 127633506 is divided by 237237.
0
What is the remainder when 91192390 is divided by 648?
646
What is the remainder when 442019 is divided by 147227?
338
What is the remainder when 19605517 is divided by 847?
8
Calculate the remainder when 9187749 is divided by 238.
235
What is the remainder when 16708 is divided by 1862?
1812
What is the remainder when 3274381 is divided by 308?
33
Calculate the remainder when 318721 is divided by 1502.
297
Calculate the remainder when 84740 is divided by 2070.
1940
What is the remainder when 425918683 is divided by 624?
619
What is the remainder when 87781 is divided by 860?
61
Calculate the remainder when 186873086 is divided by 1448.
1446
Calculate the remainder when 27960055 is divided by 998573.
11
What is the remainder when 2536092 is divided by 672?
636
Calculate the remainder when 125315 is divided by 484.
443
What is the remainder when 113551 is divided by 2152?
1647
What is the remainder when 8778697 is divided by 1313?
1292
Calculate the remainder when 124556 is divided by 742.
642
What is the remainder when 460163636 is divided by 4164?
4160
Calculate the remainder when 287405 is divided by 176.
173
Calculate the remainder when 541498 is divided by 205.
93
Calculate the remainder when 319759797 is divided by 667.
664
What is the remainder when 5239137 is divided by 3?
0
What is the remainder when 300002 is divided by 99835?
497
What is the remainder when 524067 is divided by 5575?
17
What is the remainder when 10142150 is divided by 965?
0
Calculate the remainder when 7521250 is divided by 2507082.
4
Calculate the remainder when 32270353 is divided by 211.
13
What is the remainder when 10678442 is divided by 40296?
2
What is the remainder when 2025195 is divided by 31?
27
What is the remainder when 504044 is divided by 593?
587
What is the remainder when 5503230 is divided by 22?
18
Calculate the remainder when 4233321 is divided by 5505.
5481
Calculate the remainder when 4884804 is divided by 98.
92
What is the remainder when 377116 is divided by 217?
187
What is the remainder when 3970009 is divided by 38?
35
What is the remainder when 15015375 is divided by 132?
111
Calculate the remainder when 87504 is divided by 5452.
272
Calculate the remainder when 11048105 is divided by 45.
20
What is the remainder when 8743572 is divided by 3094?
3022
Calculate the remainder when 1285301 is divided by 13847.
11377
Calculate the remainder when 108029501 is divided by 64.
61
What is the remainder when 1395791 is divided by 239?
31
Calculate the remainder when 1749364 is divided by 1586.
6
What is the remainder when 1325199 is divided by 3033?
2811
Calculate the remainder when 17396626 is divided by 543.
535
What is the remainder when 393413 is divided by 98353?
1
Calculate the remainder when 38706219 is divided by 1472.
1451
Calculate the remainder when 219760 is divided by 31393.
9
What is the remainder when 2592026 is divided by 41?
6
What is the remainder when 178951 is divided by 19326?
5017
What is the remainder when 44957 is divided by 7490?
17
What is the remainder when 3010392 is divided by 15?
12
Calculate the remainder when 214313 is divided by 70693.
2234
What is the remainder when 17508 is divided by 237?
207
What is the remainder when 2222759 is divided by 1507?
1441
Calculate the remainder when 1619728 is divided by 167.
162
Calculate the remainder when 208255 is divided by 878.
169
Calculate the remainder when 237884 is divided by 3824.
796
What is the remainder when 77430 is divided by 38573?
284
What is the remainder when 273186668 is divided by 10?
8
Calculate the remainder when 17649003 is divided by 402.
399
Calculate the remainder when 9349861 is divided by 39.
1
What is the remainder when 778125 is divided by 146?
91
Calculate the remainder when 116621 is divided by 19431.
35
Calculate the remainder when 49192 is divided by 60.
52
Calculate the remainder when 57863 is divided by 1394.
709
What is the remainder when 25979817 is divided by 383?
161
Calculate the remainder when 13936854 is divided by 85.
84
What is the remainder when 3422313 is divided by 220?
213
What is the remainder when 6170709 is divided by 560973?
6
Calculate the remainder when 73081 is divided by 136.
49
What is the remainder when 94243 is divided by 93500?
743
What is the remainder when 1019804 is divided by 244?
128
What is the remainder when 12160032 is divided by 3130?
3112
Calculate the remainder when 5169402 is divided by 1016.
1010
Calculate the remainder when 9605315 is divided by 9605313.
2
Calculate the remainder when 791616 is divided by 263845.
81
Calculate the remainder when 55238437 is divided by 17.
14
What is the remainder when 2006114 is divided by 401167?
279
Calculate the remainder when 26437807 is divided by 12.
7
Calculate the remainder when 3800688 is divided by 1415.
1413
What is the remainder when 2083528 is divided by 4812?
4744
Calculate the remainder when 2098873 is divided by 3033.
37
What is the remainder when 76299 is divided by 75200?
1099
Calculate the remainder when 275629 is divided by 15279.
607
Calculate the remainder when 16657 is divided by 1839.
106
Calculate the remainder when 2023029 is divided by 1038.
1005
What is the remaind